{"id":281,"date":"2022-03-04T14:16:26","date_gmt":"2022-03-04T17:16:26","guid":{"rendered":"https:\/\/redeargonautas.com.br\/?page_id=281"},"modified":"2023-03-02T14:24:29","modified_gmt":"2023-03-02T17:24:29","slug":"tania-dauster","status":"publish","type":"page","link":"https:\/\/redeargonautas.com.br\/index.php\/pesquisadores\/tania-dauster\/","title":{"rendered":"Tania Dauster"},"content":{"rendered":"\n<div class=\"wp-block-columns is-layout-flex wp-container-core-columns-is-layout-9d6595d7 wp-block-columns-is-layout-flex\">\n<div class=\"wp-block-column is-vertically-aligned-top is-layout-flow wp-block-column-is-layout-flow\">\n<div class=\"wp-block-media-text alignfull is-stacked-on-mobile is-vertically-aligned-top\" style=\"grid-template-columns:25% auto\"><figure class=\"wp-block-media-text__media\"><img loading=\"lazy\" decoding=\"async\" width=\"871\" height=\"880\" src=\"https:\/\/redeargonautas.com.br\/wp-content\/uploads\/2022\/03\/Tania.png\" alt=\"Professora Doutora Tania Dauster\" class=\"wp-image-235 size-full\" srcset=\"https:\/\/redeargonautas.com.br\/wp-content\/uploads\/2022\/03\/Tania.png 871w, https:\/\/redeargonautas.com.br\/wp-content\/uploads\/2022\/03\/Tania-297x300.png 297w, https:\/\/redeargonautas.com.br\/wp-content\/uploads\/2022\/03\/Tania-768x776.png 768w\" sizes=\"auto, (max-width: 871px) 100vw, 871px\" \/><\/figure><div class=\"wp-block-media-text__content\">\n<p class=\"has-drop-cap\">Sou do signo de Touro. Meu elemento \u00e9 Terra, meu signo complementar \u00e9 Escorpi\u00e3o e regente, V\u00eanus. Assim diz meu Hor\u00f3scopo, algo que n\u00e3o escolhi, mas acolhi. As marcas de nascimento s\u00e3o para sempre, o que importa \u00e9 o que faremos de tudo isto. Sou filha de m\u00e9dico e professora catedr\u00e1tica de Filosofia. Quando crian\u00e7a, fui aluna de bal\u00e9 no Teatro Municipal e prossegui com as aulas de mestres renomados, concertos e espet\u00e1culos de bal\u00e9. At\u00e9 os 18 anos desejei ser bailarina. Fui normalista nos \u201cAnos Dourados\u201d. Desde sempre fui leitora. T\u00ednhamos uma boa biblioteca na casa de meus pais e acesso aos grandes autores. Dos 18 aos trinta&nbsp; fui casada com o diplomata Luiz Paulo Sette. Viajei muito, morei fora do Brasil, fiz cursos na American University em Washington DC e posteriormente na London School of Economics. Tivemos 2 filhos e uma filha. Por volta de 1968 regressei ao Brasil, retomei minha gradua\u00e7\u00e3o em Filosofia na UFRJ e me vi como participante da Gera\u00e7\u00e3o 68. Casei-me com o poeta e professor Pedro Garcia e tivemos uma filha. Minha forma\u00e7\u00e3o acad\u00eamica n\u00e3o foi linear: Gradua\u00e7\u00e3o em Filosofia, Mestrado em Educa\u00e7\u00e3o na PUC-Rio e Doutorado em Antropologia Social no Museu Nacional. &nbsp; Meu doutorado no PPGAS\/ Museu Nacional levou-me a \u00e0 \u00e1rea de Antropologia das Sociedades Complexas \/Antropologia Urbana associada a uma teoria da cultura na linha de Clifford Geertz. Ao terminar o doutorado fui convidada por Vera Candau a criar uma \u00e1rea de Antropologia e Educa\u00e7\u00e3o no Departamento de Educa\u00e7\u00e3o na PUC-Rio em 1987. Aceitei o convite, encarei o desafio sem experi\u00eancia anterior e tornei-me professora universit\u00e1ria tardiamente na vida. Tive o maior prazer em ensinar\/aprender, orientar e pesquisar a partir da constru\u00e7\u00e3o da interface entre Antropologia e Educa\u00e7\u00e3o. Constitu\u00eda uma grande alegria ouvir dos estudantes no final dos cursos que eu havia mudado suas cabe\u00e7as! Fui bolsista de produtividade do CNPq por cerca de vinte anos quando precisei interromper o envio de um projeto ao CNPq em 2006. Fiz P\u00f3s-Doutorado no PPGAS com bolsa da FAPERJ. Abri, em 1997, o Sub- Escrit\u00f3rio da UNESCO no Rio de Janeiro e inaugurei a C\u00c1TEDRA UNESCO DE LEITURA PUC-Rio em 2006 na PUC-Rio. Participo de congressos e semin\u00e1rios dentro e fora do Brasil e estou sempre presente nas Reuni\u00f5es da Associa\u00e7\u00e3o Brasileira de Antropologia (ABA). Tento ser uma eterna aprendiz de etn\u00f3grafa, da interpreta\u00e7\u00e3o densa, mas atenta aos desdobramentos do s\u00e9culo XXI. Venho trabalhando com os seguintes temas: etnografia e educa\u00e7\u00e3o, mem\u00f3ria, escrita e leitura, corpo, pandemia e luto. Sou Professora Em\u00e9rita da PUC-Rio.<\/p>\n<\/div><\/div>\n<\/div>\n<\/div>\n\n\n\n<hr class=\"wp-block-separator has-css-opacity\"\/>\n\n\n\n<h5 class=\"wp-block-heading\">Saiba mais sobre a Tania:<\/h5>\n\n\n\n<p><strong>Lattes<\/strong>:&nbsp;<a href=\"http:\/\/lattes.cnpq.br\/7319562402263888\" target=\"_blank\" rel=\"noreferrer noopener\" title=\"http:\/\/lattes.cnpq.br\/7319562402263888\">http:\/\/lattes.cnpq.br\/7319562402263888<\/a><\/p>\n\n\n\n<p><strong>Escavador<\/strong>: <a href=\"https:\/\/www.escavador.com\/sobre\/3934151\/tania-dauster-magalhaes-e-silva\" target=\"_blank\" rel=\"noreferrer noopener\">https:\/\/www.escavador.com\/sobre\/3934151\/tania-dauster-magalhaes-e-silva<\/a><\/p>\n\n\n\n<p><strong>Orcid<\/strong>: <a href=\"https:\/\/orcid.org\/0000-0001-7365-4265\" target=\"_blank\" rel=\"noreferrer noopener\">https:\/\/orcid.org\/0000-0001-7365-4265<\/a> <\/p>\n\n\n\n<p><strong>PUC-Rio<\/strong>:<a href=\"http:\/\/www.edu.puc-rio.br\/pt_br\/professor\/tania-dauster\/\" target=\"_blank\" rel=\"noreferrer noopener\"> Professora e Pesquisadora Em\u00e9rita do Departamento de Educa\u00e7\u00e3o da PUC-Rio<\/a><\/p>\n\n\n\n<p><strong><a href=\"http:\/\/dgp.cnpq.br\/dgp\/espelhogrupo\/748695\" target=\"_blank\" rel=\"noreferrer noopener\">Grupo de pesquisa Argonautas no CNPq<\/a><\/strong><\/p>\n\n\n\n<hr class=\"wp-block-separator has-css-opacity\"\/>\n\n\n\n<h6 class=\"wp-block-heading\"><strong>Publica\u00e7\u00f5es<\/strong><\/h6>\n\n\n\n<p class=\"has-small-font-size\"><a href=\"https:\/\/periodicos.unb.br\/index.php\/linhascriticas\/article\/view\/4465\/4077\" target=\"_blank\" rel=\"noreferrer noopener\" title=\"https:\/\/periodicos.unb.br\/index.php\/linhascriticas\/article\/view\/4465\/4077\">Um di\u00e1logo sobre as rela\u00e7\u00f5es entre etnografia, cultura e educa\u00e7\u00e3o \u2013 representa\u00e7\u00f5es e pr\u00e1ticas<\/a><\/p>\n\n\n\n<p class=\"has-small-font-size\"><a href=\"https:\/\/www.ces.uc.pt\/lab2004\/pdfs\/TaniaDauster.pdf\" target=\"_blank\" rel=\"noreferrer noopener\">Uma revolu\u00e7\u00e3o silenciosa: notas sobre o ingresso de setores de baixa renda na universidade<\/a><\/p>\n\n\n\n<p class=\"has-small-font-size\"><a href=\"https:\/\/www.maxwell.vrac.puc-rio.br\/22084\/22084.PDF\" target=\"_blank\" rel=\"noreferrer noopener\">O ensino da antropologia e a orienta\u00e7\u00e3o de mestrado e doutorado: uma experi\u00eancia no contexto de forma\u00e7\u00e3o de n\u00e3o antrop\u00f3logos<\/a><\/p>\n\n\n\n<p class=\"has-small-font-size\"><a href=\"https:\/\/pt.scribd.com\/document\/430269186\/DAUSTER-Antropologia-e-Educacao-Artigo-pdf\" target=\"_blank\" rel=\"noreferrer noopener\">Entre a Antropologia e a Educa\u00e7\u00e3o \u2013 a produ\u00e7\u00e3o de um di\u00e1logo imprescind\u00edvel e de um conhecimento h\u00edbrido<\/a><\/p>\n\n\n\n<p class=\"has-small-font-size\"><a href=\"https:\/\/www.e-publicacoes.uerj.br\/index.php\/revistateias\/article\/view\/24001\/16971\" target=\"_blank\" rel=\"noreferrer noopener\">Pr\u00e1ticas leitoras e escritoras de professores universit\u00e1rios em tempos do digital<\/a><\/p>\n\n\n\n<p class=\"has-small-font-size\"><a href=\"https:\/\/www.ava.unam.edu.ar\/images\/10\/pdf\/ava10_07_dauster_etal.pdf\" target=\"_blank\" rel=\"noreferrer noopener\">Mundo Acad\u00eamico \u2013 professores universit\u00e1rios, pr\u00e1ticas de leitura e escrita e diversidade social<\/a><\/p>\n\n\n\n<hr class=\"wp-block-separator has-css-opacity\"\/>\n\n\n\n<h6 class=\"wp-block-heading\">LIVROS<\/h6>\n\n\n\n<div class=\"wp-block-columns is-layout-flex wp-container-core-columns-is-layout-9d6595d7 wp-block-columns-is-layout-flex\">\n<div class=\"wp-block-column is-layout-flow wp-block-column-is-layout-flow\">\n<figure class=\"wp-block-gallery has-nested-images columns-default is-cropped wp-block-gallery-1 is-layout-flex wp-block-gallery-is-layout-flex\"><\/figure>\n<\/div>\n<\/div>\n\n\n\n<h4 class=\"wp-block-heading\"><a href=\"https:\/\/redeargonautas.com.br\/index.php\/pesquisadores\/\"><\/a><a href=\"https:\/\/redeargonautas.com.br\/index.php\/pesquisadores\/\"><\/a><a href=\"https:\/\/redeargonautas.com.br\/index.php\/pesquisadores\/\">Outros argonautas da rede<\/a><\/h4>\n","protected":false},"excerpt":{"rendered":"<p>Sou do signo de Touro. Meu elemento \u00e9 Terra, meu signo complementar \u00e9 Escorpi\u00e3o e regente, V\u00eanus. Assim diz meu Hor\u00f3scopo, algo que n\u00e3o escolhi, mas acolhi. As marcas de [&hellip;]<\/p>\n","protected":false},"author":2,"featured_media":0,"parent":46,"menu_order":2,"comment_status":"closed","ping_status":"closed","template":"templates\/template-full-width.php","meta":{"om_disable_all_campaigns":false,"_monsterinsights_skip_tracking":false,"_monsterinsights_sitenote_active":false,"_monsterinsights_sitenote_note":"","_monsterinsights_sitenote_category":0,"_EventAllDay":false,"_EventTimezone":"","_EventStartDate":"","_EventEndDate":"","_EventStartDateUTC":"","_EventEndDateUTC":"","_EventShowMap":false,"_EventShowMapLink":false,"_EventURL":"","_EventCost":"","_EventCostDescription":"","_EventCurrencySymbol":"","_EventCurrencyCode":"","_EventCurrencyPosition":"","_EventDateTimeSeparator":"","_EventTimeRangeSeparator":"","_EventOrganizerID":[],"_EventVenueID":[],"_OrganizerEmail":"","_OrganizerPhone":"","_OrganizerWebsite":"","_VenueAddress":"","_VenueCity":"","_VenueCountry":"","_VenueProvince":"","_VenueState":"","_VenueZip":"","_VenuePhone":"","_VenueURL":"","_VenueStateProvince":"","_VenueLat":"","_VenueLng":"","_VenueShowMap":false,"_VenueShowMapLink":false,"footnotes":""},"class_list":["post-281","page","type-page","status-publish","hentry"],"aioseo_notices":[],"_links":{"self":[{"href":"https:\/\/redeargonautas.com.br\/index.php\/wp-json\/wp\/v2\/pages\/281","targetHints":{"allow":["GET"]}}],"collection":[{"href":"https:\/\/redeargonautas.com.br\/index.php\/wp-json\/wp\/v2\/pages"}],"about":[{"href":"https:\/\/redeargonautas.com.br\/index.php\/wp-json\/wp\/v2\/types\/page"}],"author":[{"embeddable":true,"href":"https:\/\/redeargonautas.com.br\/index.php\/wp-json\/wp\/v2\/users\/2"}],"replies":[{"embeddable":true,"href":"https:\/\/redeargonautas.com.br\/index.php\/wp-json\/wp\/v2\/comments?post=281"}],"version-history":[{"count":20,"href":"https:\/\/redeargonautas.com.br\/index.php\/wp-json\/wp\/v2\/pages\/281\/revisions"}],"predecessor-version":[{"id":1124,"href":"https:\/\/redeargonautas.com.br\/index.php\/wp-json\/wp\/v2\/pages\/281\/revisions\/1124"}],"up":[{"embeddable":true,"href":"https:\/\/redeargonautas.com.br\/index.php\/wp-json\/wp\/v2\/pages\/46"}],"wp:attachment":[{"href":"https:\/\/redeargonautas.com.br\/index.php\/wp-json\/wp\/v2\/media?parent=281"}],"curies":[{"name":"wp","href":"https:\/\/api.w.org\/{rel}","templated":true}]}}