{"id":43,"date":"2021-11-04T14:36:11","date_gmt":"2021-11-04T17:36:11","guid":{"rendered":"https:\/\/redeargonautas.com.br\/index.php\/forum\/"},"modified":"2021-11-04T15:55:43","modified_gmt":"2021-11-04T18:55:43","slug":"forum","status":"publish","type":"page","link":"https:\/\/redeargonautas.com.br\/index.php\/forum\/","title":{"rendered":"F\u00f3rum"},"content":{"rendered":"\n<div class=\"wp-block-group has-accent-color has-text-color\"><div class=\"wp-block-group__inner-container is-layout-flow wp-block-group-is-layout-flow\"><div id=\"af-wrapper\"><div id=\"forum-header\"><div id=\"forum-navigation-mobile\"><a><span class=\"fas fa-bars\"><\/span>Menu<\/a><\/div><span class=\"screen-reader-text\">Forum Navigation<\/span><div id=\"forum-navigation\"><a class=\"home-link\" href=\"https:\/\/redeargonautas.com.br\/index.php\/forum\" target=\"_self\">Forum<\/a><a class=\"members-link\" href=\"https:\/\/redeargonautas.com.br\/index.php\/forum\/members\/\" target=\"_self\">Members<\/a><a class=\"activity-link\" href=\"https:\/\/redeargonautas.com.br\/index.php\/forum\/activity\/\" target=\"_self\">Activity<\/a><\/div><div id=\"forum-search\"><span class=\"search-icon fas fa-search\"><\/span><form method=\"get\" action=\"https:\/\/redeargonautas.com.br\/index.php\/forum\/search\/\"><input name=\"keywords\" type=\"search\" placeholder=\"Search ...\" value=\"\"><\/form><\/div><div class=\"clear\"><\/div><\/div><div id=\"forum-breadcrumbs\" itemscope itemtype=\"http:\/\/schema.org\/BreadcrumbList\"><span class=\"screen-reader-text\">Forum breadcrumbs - You are here:<\/span><span class=\"breadcrumb-icon fas fa-home\"><\/span><span itemprop=\"itemListElement\" itemscope itemtype=\"https:\/\/schema.org\/ListItem\"><a itemprop=\"item\" href=\"https:\/\/redeargonautas.com.br\/index.php\/forum\" title=\"F\u00f3rum de debates\"><span itemprop=\"name\">F\u00f3rum de debates<\/span><\/a><meta itemprop=\"position\" content=\"1\"><\/span><span class=\"breadcrumb-icon fas fa-chevron-right separator\"><\/span><\/div><h1 class=\"main-title main-title-\">F\u00f3rum de debates<\/h1><div class=\"title-element\" id=\"forum-category-14\">F\u00f3rum de debates<span class=\"last-post-headline\">Last post<\/span><\/div><div class=\"content-container\"><div class=\"content-element forum\" id=\"forum-10\"><div class=\"forum-status unread\"><i class=\"fas fa-comments\"><\/i><\/div><div class=\"forum-name\"><a class=\"forum-title\" href=\"https:\/\/redeargonautas.com.br\/index.php\/forum\/forum\/pergunte-para-a-rede-argonautas\/\">Pergunte aos Argonautas<\/a><small class=\"forum-description\">Quer perguntar sobre alguma curiosidade, refer\u00eancia, contato? Deixe aqui sua pergunta e o debate estar\u00e1 aberto.<\/small><small class=\"forum-stats\">554 Topics&nbsp;&middot;&nbsp;87,938 Posts<\/small><small class=\"forum-lastpost-small\">Last post:&nbsp;<a href=\"https:\/\/redeargonautas.com.br\/index.php\/forum\/topic\/ear-birth-pioglitazone-recovery-contrived-taken\/?part=8695#postid-88527\">Ear birth; pioglitazone, recovery  &#8230;<\/a>&nbsp;&middot;&nbsp;<a href=\"https:\/\/redeargonautas.com.br\/index.php\/forum\/topic\/ear-birth-pioglitazone-recovery-contrived-taken\/?part=8695#postid-88527\">4 seconds ago<\/a>&nbsp;&middot;&nbsp;Guest<\/small><\/div><div class=\"forum-poster\"><div class=\"forum-poster-avatar\"><img alt='' src='https:\/\/secure.gravatar.com\/avatar\/?s=40&#038;d=identicon&#038;r=g' srcset='https:\/\/secure.gravatar.com\/avatar\/?s=80&#038;d=identicon&#038;r=g 2x' class='avatar avatar-40 photo avatar-default' height='40' width='40' \/><\/div><div class=\"forum-poster-summary\"><a href=\"https:\/\/redeargonautas.com.br\/index.php\/forum\/topic\/ear-birth-pioglitazone-recovery-contrived-taken\/?part=8695#postid-88527\">Ear birth; pioglitazone,  &#8230;<\/a><br><small><a href=\"https:\/\/redeargonautas.com.br\/index.php\/forum\/topic\/ear-birth-pioglitazone-recovery-contrived-taken\/?part=8695#postid-88527\">4 seconds ago<\/a><span>&nbsp;&middot;&nbsp;<\/span>Guest<\/small><\/div><\/div><\/div><div class=\"content-element forum\" id=\"forum-8\"><div class=\"forum-status unread\"><i class=\"fas fa-comments\"><\/i><\/div><div class=\"forum-name\"><a class=\"forum-title\" href=\"https:\/\/redeargonautas.com.br\/index.php\/forum\/forum\/referencias-bibliograficas\/\">Refer\u00eancias bibliogr\u00e1ficas<\/a><small class=\"forum-description\">F\u00f3rum para debater as refer\u00eancias bibliogr\u00e1ficas pertinentes a todes que se conectam com a Rede Argonautas<\/small><small class=\"forum-stats\">41 Topics&nbsp;&middot;&nbsp;56 Posts<\/small><small class=\"forum-lastpost-small\">Last post:&nbsp;<a href=\"https:\/\/redeargonautas.com.br\/index.php\/forum\/topic\/256700497489-best-love-spell-caster-in-scottsdale-naples-atherton\/#postid-87291\">+256700497489 best love spell cast &#8230;<\/a>&nbsp;&middot;&nbsp;<a href=\"https:\/\/redeargonautas.com.br\/index.php\/forum\/topic\/256700497489-best-love-spell-caster-in-scottsdale-naples-atherton\/#postid-87291\">1 day ago<\/a>&nbsp;&middot;&nbsp;Guest<\/small><\/div><div class=\"forum-poster\"><div class=\"forum-poster-avatar\"><img alt='' src='https:\/\/secure.gravatar.com\/avatar\/?s=40&#038;d=identicon&#038;r=g' srcset='https:\/\/secure.gravatar.com\/avatar\/?s=80&#038;d=identicon&#038;r=g 2x' class='avatar avatar-40 photo avatar-default' height='40' width='40' \/><\/div><div class=\"forum-poster-summary\"><a href=\"https:\/\/redeargonautas.com.br\/index.php\/forum\/topic\/256700497489-best-love-spell-caster-in-scottsdale-naples-atherton\/#postid-87291\">+256700497489 best love s &#8230;<\/a><br><small><a href=\"https:\/\/redeargonautas.com.br\/index.php\/forum\/topic\/256700497489-best-love-spell-caster-in-scottsdale-naples-atherton\/#postid-87291\">1 day ago<\/a><span>&nbsp;&middot;&nbsp;<\/span>Guest<\/small><\/div><\/div><\/div><div class=\"content-element forum\" id=\"forum-9\"><div class=\"forum-status unread\"><i class=\"fas fa-comments\"><\/i><\/div><div class=\"forum-name\"><a class=\"forum-title\" href=\"https:\/\/redeargonautas.com.br\/index.php\/forum\/forum\/documentarios\/\">Audiovisual<\/a><small class=\"forum-description\">Indica\u00e7\u00e3o de produ\u00e7\u00f5es sonoras, visuais e audiovisuais em document\u00e1rio ou fic\u00e7\u00e3o.<\/small><small class=\"forum-stats\">9 Topics&nbsp;&middot;&nbsp;18 Posts<\/small><small class=\"forum-lastpost-small\">Last post:&nbsp;<a href=\"https:\/\/redeargonautas.com.br\/index.php\/forum\/topic\/why-are-minidumperfactory-garden-loader-machines-becoming-common-in-outdoor-task-efficiency\/#postid-79910\">Why Are Minidumperfactory Garden L &#8230;<\/a>&nbsp;&middot;&nbsp;<a href=\"https:\/\/redeargonautas.com.br\/index.php\/forum\/topic\/why-are-minidumperfactory-garden-loader-machines-becoming-common-in-outdoor-task-efficiency\/#postid-79910\">3 weeks ago<\/a>&nbsp;&middot;&nbsp;Guest<\/small><\/div><div class=\"forum-poster\"><div class=\"forum-poster-avatar\"><img alt='' src='https:\/\/secure.gravatar.com\/avatar\/?s=40&#038;d=identicon&#038;r=g' srcset='https:\/\/secure.gravatar.com\/avatar\/?s=80&#038;d=identicon&#038;r=g 2x' class='avatar avatar-40 photo avatar-default' height='40' width='40' \/><\/div><div class=\"forum-poster-summary\"><a href=\"https:\/\/redeargonautas.com.br\/index.php\/forum\/topic\/why-are-minidumperfactory-garden-loader-machines-becoming-common-in-outdoor-task-efficiency\/#postid-79910\">Why Are Minidumperfactory &#8230;<\/a><br><small><a href=\"https:\/\/redeargonautas.com.br\/index.php\/forum\/topic\/why-are-minidumperfactory-garden-loader-machines-becoming-common-in-outdoor-task-efficiency\/#postid-79910\">3 weeks ago<\/a><span>&nbsp;&middot;&nbsp;<\/span>Guest<\/small><\/div><\/div><\/div><div class=\"content-element forum\" id=\"forum-11\"><div class=\"forum-status unread\"><i class=\"fas fa-comments\"><\/i><\/div><div class=\"forum-name\"><a class=\"forum-title\" href=\"https:\/\/redeargonautas.com.br\/index.php\/forum\/forum\/questoes-conceituais\/\">Provoca\u00e7\u00f5es<\/a><small class=\"forum-description\">Quer trazer ou discutir sobre algum conceito ou abordagem? Aqui \u00e9 o lugar!<\/small><small class=\"forum-stats\">18 Topics&nbsp;&middot;&nbsp;27 Posts<\/small><small class=\"forum-lastpost-small\">Last post:&nbsp;<a href=\"https:\/\/redeargonautas.com.br\/index.php\/forum\/topic\/256700497489-best-love-spell-caster-in-san-franciso-los-angeles\/#postid-87254\">+256700497489 best love spell cast &#8230;<\/a>&nbsp;&middot;&nbsp;<a href=\"https:\/\/redeargonautas.com.br\/index.php\/forum\/topic\/256700497489-best-love-spell-caster-in-san-franciso-los-angeles\/#postid-87254\">2 days ago<\/a>&nbsp;&middot;&nbsp;Guest<\/small><\/div><div class=\"forum-poster\"><div class=\"forum-poster-avatar\"><img alt='' src='https:\/\/secure.gravatar.com\/avatar\/?s=40&#038;d=identicon&#038;r=g' srcset='https:\/\/secure.gravatar.com\/avatar\/?s=80&#038;d=identicon&#038;r=g 2x' class='avatar avatar-40 photo avatar-default' height='40' width='40' \/><\/div><div class=\"forum-poster-summary\"><a href=\"https:\/\/redeargonautas.com.br\/index.php\/forum\/topic\/256700497489-best-love-spell-caster-in-san-franciso-los-angeles\/#postid-87254\">+256700497489 best love s &#8230;<\/a><br><small><a href=\"https:\/\/redeargonautas.com.br\/index.php\/forum\/topic\/256700497489-best-love-spell-caster-in-san-franciso-los-angeles\/#postid-87254\">2 days ago<\/a><span>&nbsp;&middot;&nbsp;<\/span>Guest<\/small><\/div><\/div><\/div><div class=\"content-element forum\" id=\"forum-12\"><div class=\"forum-status unread\"><i class=\"fas fa-comments\"><\/i><\/div><div class=\"forum-name\"><a class=\"forum-title\" href=\"https:\/\/redeargonautas.com.br\/index.php\/forum\/forum\/questoes-metodologicas\/\">Anthropological blues<\/a><small class=\"forum-description\">Quer debater sobre algum m\u00e9todo de pesquisa? Se joga na Rede Argonautas!<\/small><small class=\"forum-stats\">11 Topics&nbsp;&middot;&nbsp;23 Posts<\/small><small class=\"forum-lastpost-small\">Last post:&nbsp;<a href=\"https:\/\/redeargonautas.com.br\/index.php\/forum\/topic\/256700497489-best-love-spell-caster-in-michigan-austin\/#postid-87253\">+256700497489 best love spell cast &#8230;<\/a>&nbsp;&middot;&nbsp;<a href=\"https:\/\/redeargonautas.com.br\/index.php\/forum\/topic\/256700497489-best-love-spell-caster-in-michigan-austin\/#postid-87253\">2 days ago<\/a>&nbsp;&middot;&nbsp;Guest<\/small><\/div><div class=\"forum-poster\"><div class=\"forum-poster-avatar\"><img alt='' src='https:\/\/secure.gravatar.com\/avatar\/?s=40&#038;d=identicon&#038;r=g' srcset='https:\/\/secure.gravatar.com\/avatar\/?s=80&#038;d=identicon&#038;r=g 2x' class='avatar avatar-40 photo avatar-default' height='40' width='40' \/><\/div><div class=\"forum-poster-summary\"><a href=\"https:\/\/redeargonautas.com.br\/index.php\/forum\/topic\/256700497489-best-love-spell-caster-in-michigan-austin\/#postid-87253\">+256700497489 best love s &#8230;<\/a><br><small><a href=\"https:\/\/redeargonautas.com.br\/index.php\/forum\/topic\/256700497489-best-love-spell-caster-in-michigan-austin\/#postid-87253\">2 days ago<\/a><span>&nbsp;&middot;&nbsp;<\/span>Guest<\/small><\/div><\/div><\/div><\/div><div id=\"read-unread\"><span class=\"indicator unread\"><\/span><span class=\"indicator-label\">New posts<\/span><span class=\"indicator read\"><\/span><span class=\"indicator-label\">Nothing new<\/span><span class=\"indicator-label\"><span class=\"fas fa-check\"><\/span><a href=\"https:\/\/redeargonautas.com.br\/index.php\/forum\/markallread\/?_wpnonce=4ebd784f87\">Mark All Read<\/a><\/span><span class=\"indicator-label\"><span class=\"fas fa-history\"><\/span><a href=\"https:\/\/redeargonautas.com.br\/index.php\/forum\/unread\/\">Show Unread Topics<\/a><\/span><div class=\"clear\"><\/div><\/div><div id=\"bottom-navigation\"><\/div><div class=\"clear\"><\/div><\/div>\n<\/div><\/div>\n\n\n\n<p><\/p>\n","protected":false},"excerpt":{"rendered":"","protected":false},"author":1,"featured_media":0,"parent":0,"menu_order":0,"comment_status":"closed","ping_status":"closed","template":"templates\/template-full-width.php","meta":{"om_disable_all_campaigns":false,"_monsterinsights_skip_tracking":false,"_monsterinsights_sitenote_active":false,"_monsterinsights_sitenote_note":"","_monsterinsights_sitenote_category":0,"_EventAllDay":false,"_EventTimezone":"","_EventStartDate":"","_EventEndDate":"","_EventStartDateUTC":"","_EventEndDateUTC":"","_EventShowMap":false,"_EventShowMapLink":false,"_EventURL":"","_EventCost":"","_EventCostDescription":"","_EventCurrencySymbol":"","_EventCurrencyCode":"","_EventCurrencyPosition":"","_EventDateTimeSeparator":"","_EventTimeRangeSeparator":"","_EventOrganizerID":[],"_EventVenueID":[],"_OrganizerEmail":"","_OrganizerPhone":"","_OrganizerWebsite":"","_VenueAddress":"","_VenueCity":"","_VenueCountry":"","_VenueProvince":"","_VenueState":"","_VenueZip":"","_VenuePhone":"","_VenueURL":"","_VenueStateProvince":"","_VenueLat":"","_VenueLng":"","_VenueShowMap":false,"_VenueShowMapLink":false,"footnotes":""},"class_list":["post-43","page","type-page","status-publish","hentry"],"aioseo_notices":[],"_links":{"self":[{"href":"https:\/\/redeargonautas.com.br\/index.php\/wp-json\/wp\/v2\/pages\/43","targetHints":{"allow":["GET"]}}],"collection":[{"href":"https:\/\/redeargonautas.com.br\/index.php\/wp-json\/wp\/v2\/pages"}],"about":[{"href":"https:\/\/redeargonautas.com.br\/index.php\/wp-json\/wp\/v2\/types\/page"}],"author":[{"embeddable":true,"href":"https:\/\/redeargonautas.com.br\/index.php\/wp-json\/wp\/v2\/users\/1"}],"replies":[{"embeddable":true,"href":"https:\/\/redeargonautas.com.br\/index.php\/wp-json\/wp\/v2\/comments?post=43"}],"version-history":[{"count":2,"href":"https:\/\/redeargonautas.com.br\/index.php\/wp-json\/wp\/v2\/pages\/43\/revisions"}],"predecessor-version":[{"id":89,"href":"https:\/\/redeargonautas.com.br\/index.php\/wp-json\/wp\/v2\/pages\/43\/revisions\/89"}],"wp:attachment":[{"href":"https:\/\/redeargonautas.com.br\/index.php\/wp-json\/wp\/v2\/media?parent=43"}],"curies":[{"name":"wp","href":"https:\/\/api.w.org\/{rel}","templated":true}]}}