{"id":969,"date":"2023-01-16T15:28:13","date_gmt":"2023-01-16T18:28:13","guid":{"rendered":"https:\/\/redeargonautas.com.br\/?page_id=969"},"modified":"2023-08-09T19:39:07","modified_gmt":"2023-08-09T22:39:07","slug":"adriana-russi","status":"publish","type":"page","link":"https:\/\/redeargonautas.com.br\/index.php\/pesquisadores\/adriana-russi\/","title":{"rendered":"Adriana Russi"},"content":{"rendered":"\n<div class=\"wp-block-columns is-layout-flex wp-container-core-columns-is-layout-9d6595d7 wp-block-columns-is-layout-flex\">\n<div class=\"wp-block-column is-vertically-aligned-top is-layout-flow wp-block-column-is-layout-flow\">\n<div class=\"wp-block-media-text alignfull is-stacked-on-mobile is-vertically-aligned-top\" style=\"grid-template-columns:25% auto\"><figure class=\"wp-block-media-text__media\"><img loading=\"lazy\" decoding=\"async\" width=\"871\" height=\"901\" src=\"https:\/\/redeargonautas.com.br\/wp-content\/uploads\/2022\/11\/Adriana.png\" alt=\"\" class=\"wp-image-970 size-full\" srcset=\"https:\/\/redeargonautas.com.br\/wp-content\/uploads\/2022\/11\/Adriana.png 871w, https:\/\/redeargonautas.com.br\/wp-content\/uploads\/2022\/11\/Adriana-290x300.png 290w, https:\/\/redeargonautas.com.br\/wp-content\/uploads\/2022\/11\/Adriana-768x794.png 768w\" sizes=\"auto, (max-width: 871px) 100vw, 871px\" \/><\/figure><div class=\"wp-block-media-text__content\">\n<p class=\"has-drop-cap has-small-font-size\">Nasci na capital paulista onde fiz minha gradua\u00e7\u00e3o em meados dos anos 1990 em Artes Pl\u00e1sticas, pela Universidade Mackenzie. Tamb\u00e9m foi em S\u00e3o Paulo onde aprendi a apreciar os museus \u2013 de todos os tipos. Na adolesc\u00eancia ficava nos jardins do Parque do Ibirapuera aguardando ansiosa a abertura do Pavilh\u00e3o da Bienal. Meu mestrado em Antropologia tamb\u00e9m foi em Sampa, na Pontif\u00edcia Universidade Cat\u00f3lica. O interesse pelo cultural material, particularmente o artesanato, surgiu ainda na gradua\u00e7\u00e3o quando investiguei a produ\u00e7\u00e3o de cestaria entre \u201ccaipiras\u201d de comunidade tradicional no Parque Estadual do Jurupar\u00e1\/SP. Naquela \u00e9poca trabalhava no Museu Florestal Oct\u00e1vio Vecchi, no Parque Estadual Alberto L\u00f6fgren &#8211; conhecido pelos paulistanos como Horto Florestal. Tamb\u00e9m remonta \u00e0quele momento meu especial interesse pela mem\u00f3ria social quando tive contato com a obra Mem\u00f3rias de Velhos de Ecl\u00e9ia Bossi. Fui professora de Artes da educa\u00e7\u00e3o b\u00e1sica (da Educa\u00e7\u00e3o Infantil ao Ensino M\u00e9dio) por mais de uma d\u00e9cada. <\/p>\n\n\n\n<p class=\"has-small-font-size\">O amor me levou \u00e0 Regi\u00e3o dos Lagos, no estado do Rio de Janeiro, onde morei entre 2000 \u00e0 2017 em diferentes locais como Saquarema, Iguaba Grande, Barra de S\u00e3o Jo\u00e3o e Rio das Ostras. Naquela nova fase da vida passei a lecionar no magist\u00e9rio superior ministrando aulas de Artes e Antropologia em cursos de forma\u00e7\u00e3o de professores. Em 2006 ingressei na Universidade Federal Fluminense onde sou professora at\u00e9 hoje, no campus Rio das Ostras, lotada no Departamento de Artes e Estudos Culturais. Na UFF assumi diferentes cargos administrativos e acad\u00eamicos e sempre coloquei em pr\u00e1tica a tr\u00edade ensino- pesquisa \u2013 extens\u00e3o. Por mais de uma d\u00e9cada coordenei o exitoso programa de extens\u00e3o Educa\u00e7\u00e3o Patrimonial em Oriximin\u00e1\/ PA. O principal objetivo dessa iniciativa era a forma\u00e7\u00e3o continuada de educadores e lideran\u00e7as para a valoriza\u00e7\u00e3o dos patrim\u00f4nios culturais locais. <\/p>\n\n\n\n<p class=\"has-small-font-size\">Meu doutorado fiz tardiamente na Mem\u00f3ria Social na UNIRIO, tendo conclu\u00eddo em 2004. A pesquisa etnogr\u00e1fica incluiu etapas de campo no munic\u00edpio paraense de Oriximin\u00e1. A viv\u00eancia com os ind\u00edgenas Katxuyana me fez compreender o tempo amaz\u00f4nico e a import\u00e2ncia de \u201caprender com os velhos\u201d. Essa investiga\u00e7\u00e3o desvelou o protagonismo deste povo na manuten\u00e7\u00e3o e valoriza\u00e7\u00e3o de sua cultura, uma das chaves para a exig\u00eancia de seus direitos territoriais. A tese que virou livro, A casa tamiriki: patrim\u00f4nio ind\u00edgena Katxuyana, \u00e9 tamb\u00e9m uma homenagem \u00e0 resist\u00eancia desse povo ind\u00edgena. <\/p>\n\n\n\n<p class=\"has-small-font-size\">Em 2012 um novo amor atravessou minha vida com quem compartilho minha exist\u00eancia desde ent\u00e3o. Vivemos na cidade do Rio de Janeiro. A partir de 2020 passei a dividir meu tempo entre os compromissos docentes na UFF e o Programa de P\u00f3s-Gradua\u00e7\u00e3o em Mem\u00f3ria Social da UNIRIO, programa ao qual me filiei como docente, orientando mestrandos, doutorandos e supervisionando p\u00f3s-doutorandos. Como membro da Associa\u00e7\u00e3o Brasileira de Antropologia (ABA) e de seu Comit\u00ea de Patrim\u00f4nios e Museus integro a rede de articula\u00e7\u00e3o nacional do projeto Mapeamento das Cole\u00e7\u00f5es Etnogr\u00e1ficas no Brasil . <\/p>\n\n\n\n<p class=\"has-small-font-size\">No ano de 2020 fui agraciada com uma bolsa da Funda\u00e7\u00e3o Lady Davis para atuar como professora visitante na Universidade Hebraica de Jerusal\u00e9m (Israel). Com o advento da pandemia a viagem foi adiada para 2022 e o projeto Brasileiros em Israel: mem\u00f3rias e diversidade ganhou novos contornos e parceiros em Israel como a Universidade Ben- Gurion do Negev e no Brasil como o Museu da Pessoa e a UFTM (Universidade Federal do Tri\u00e2ngulo Mineiro).<\/p>\n\n\n\n<p><\/p>\n\n\n\n<p class=\"has-drop-cap has-normal-font-size\"><\/p>\n<\/div><\/div>\n<\/div>\n<\/div>\n\n\n\n<h6 class=\"wp-block-heading\">Saiba mais sobre A ADRIANA:<\/h6>\n\n\n\n<p class=\"has-normal-font-size\"><strong>Lattes<\/strong>: <a href=\"http:\/\/buscatextual.cnpq.br\/buscatextual\/visualizacv.do\">Curr\u00edculo do Sistema de Curr\u00edculos Lattes (Adriana Russi Tavares de Mello) (cnpq.br)<\/a><\/p>\n\n\n\n<p class=\"has-normal-font-size\"><strong>Instagram do Projeto Mapeamento das Cole\u00e7\u00f5es Etnogr\u00e1ficas no Brasil :<\/strong> <a href=\"http:\/\/www.instagram.com\/colecoesetnograficas\" title=\"\">http:\/\/www.instagram.com\/colecoesetnograficas<\/a><\/p>\n\n\n\n<p><strong>Programa de extens\u00e3o Educa\u00e7\u00e3o Patrimonial em Oriximin\u00e1\/ PA: <\/strong><a href=\"http:\/\/patrimoniocultural.uff.br\" title=\"\">http:\/\/patrimoniocultural.uff.br<\/a><\/p>\n\n\n\n<p><strong>Patrim\u00f4nio Cultural:<\/strong> <a href=\"https:\/\/patrimoniocultural.uff.br\/producoes-e-publicacoes\/\" target=\"_blank\" rel=\"noopener\" title=\"\">https:\/\/patrimoniocultural.uff.br\/producoes-e-publicacoes\/<\/a><\/p>\n\n\n\n<p><\/p>\n\n\n\n<hr class=\"wp-block-separator has-css-opacity\"\/>\n\n\n\n<h6 class=\"wp-block-heading\"><strong>Publica\u00e7\u00f5es<\/strong><\/h6>\n\n\n\n<p><a href=\"https:\/\/www.revistas.usp.br\/revmae\/issue\/view\/12235\" title=\"\">Dossi\u00ea Katxuyana, Kahyana: perspectivas europeias sobre os povos (yanas) dos rios Cachorro e Trombetas, Oriximin\u00e1\/ PA<\/a><\/p>\n\n\n\n<p><a href=\"https:\/\/journals.le.ac.uk\/ojs1\/index.php\/mas\/article\/view\/2980\/2993\" title=\"\">Museums and indigenous memory: the Katxuyana\u2019s<br>collections and the contemporaneity of musealized material culture.<\/a> <\/p>\n\n\n\n<p><a href=\"https:\/\/periodicos.ufsm.br\/seculoxxi\/article\/view\/37527\" title=\"\">Os Katxuyana e a casa tamiriki: protagonismo amer\u00edndio na valoriza\u00e7\u00e3o cultural.<\/a> <\/p>\n\n\n\n<p><a href=\"https:\/\/dadospdf.com\/download\/tradiao-indigena-na-escolapdf- _5ae5d3feb7d7bcf438f51068_pdf\" title=\"\">Quando a tradi\u00e7\u00e3o (ind\u00edgena) \u00e9 ensinada na escola (ind\u00edgena):<br>etnoeduca\u00e7\u00e3o como exerc\u00edcio de autonomia. <\/a><\/p>\n\n\n\n<p><\/p>\n\n\n\n<p><\/p>\n\n\n\n<h6 class=\"wp-block-heading\">LIVROS<\/h6>\n\n\n\n<figure class=\"wp-block-image size-medium is-style-default\"><img loading=\"lazy\" decoding=\"async\" width=\"208\" height=\"300\" src=\"https:\/\/redeargonautas.com.br\/wp-content\/uploads\/2023\/02\/72e54b96efa6615f76b502e75ec9b795-208x300.png\" alt=\"\" class=\"wp-image-1027\" srcset=\"https:\/\/redeargonautas.com.br\/wp-content\/uploads\/2023\/02\/72e54b96efa6615f76b502e75ec9b795-208x300.png 208w, https:\/\/redeargonautas.com.br\/wp-content\/uploads\/2023\/02\/72e54b96efa6615f76b502e75ec9b795-710x1024.png 710w, https:\/\/redeargonautas.com.br\/wp-content\/uploads\/2023\/02\/72e54b96efa6615f76b502e75ec9b795-768x1107.png 768w, https:\/\/redeargonautas.com.br\/wp-content\/uploads\/2023\/02\/72e54b96efa6615f76b502e75ec9b795-1065x1536.png 1065w, https:\/\/redeargonautas.com.br\/wp-content\/uploads\/2023\/02\/72e54b96efa6615f76b502e75ec9b795-1420x2048.png 1420w, https:\/\/redeargonautas.com.br\/wp-content\/uploads\/2023\/02\/72e54b96efa6615f76b502e75ec9b795-1200x1730.png 1200w, https:\/\/redeargonautas.com.br\/wp-content\/uploads\/2023\/02\/72e54b96efa6615f76b502e75ec9b795.png 1880w\" sizes=\"auto, (max-width: 208px) 100vw, 208px\" \/><\/figure>\n\n\n\n<hr class=\"wp-block-separator has-css-opacity\"\/>\n\n\n\n<h4 class=\"wp-block-heading\"><a href=\"https:\/\/redeargonautas.com.br\/index.php\/pesquisadores\/\"><\/a><a href=\"https:\/\/redeargonautas.com.br\/index.php\/pesquisadores\/\">Outros argonautas da rede<\/a><\/h4>\n\n\n\n<p><\/p>\n","protected":false},"excerpt":{"rendered":"<p>Nasci na capital paulista onde fiz minha gradua\u00e7\u00e3o em meados dos anos 1990 em Artes Pl\u00e1sticas, pela Universidade Mackenzie. Tamb\u00e9m foi em S\u00e3o Paulo onde aprendi a apreciar os museus [&hellip;]<\/p>\n","protected":false},"author":5,"featured_media":0,"parent":46,"menu_order":6,"comment_status":"closed","ping_status":"closed","template":"templates\/template-full-width.php","meta":{"om_disable_all_campaigns":false,"_monsterinsights_skip_tracking":false,"_monsterinsights_sitenote_active":false,"_monsterinsights_sitenote_note":"","_monsterinsights_sitenote_category":0,"_EventAllDay":false,"_EventTimezone":"","_EventStartDate":"","_EventEndDate":"","_EventStartDateUTC":"","_EventEndDateUTC":"","_EventShowMap":false,"_EventShowMapLink":false,"_EventURL":"","_EventCost":"","_EventCostDescription":"","_EventCurrencySymbol":"","_EventCurrencyCode":"","_EventCurrencyPosition":"","_EventDateTimeSeparator":"","_EventTimeRangeSeparator":"","_EventOrganizerID":[],"_EventVenueID":[],"_OrganizerEmail":"","_OrganizerPhone":"","_OrganizerWebsite":"","_VenueAddress":"","_VenueCity":"","_VenueCountry":"","_VenueProvince":"","_VenueState":"","_VenueZip":"","_VenuePhone":"","_VenueURL":"","_VenueStateProvince":"","_VenueLat":"","_VenueLng":"","_VenueShowMap":false,"_VenueShowMapLink":false,"footnotes":""},"class_list":["post-969","page","type-page","status-publish","hentry"],"aioseo_notices":[],"_links":{"self":[{"href":"https:\/\/redeargonautas.com.br\/index.php\/wp-json\/wp\/v2\/pages\/969","targetHints":{"allow":["GET"]}}],"collection":[{"href":"https:\/\/redeargonautas.com.br\/index.php\/wp-json\/wp\/v2\/pages"}],"about":[{"href":"https:\/\/redeargonautas.com.br\/index.php\/wp-json\/wp\/v2\/types\/page"}],"author":[{"embeddable":true,"href":"https:\/\/redeargonautas.com.br\/index.php\/wp-json\/wp\/v2\/users\/5"}],"replies":[{"embeddable":true,"href":"https:\/\/redeargonautas.com.br\/index.php\/wp-json\/wp\/v2\/comments?post=969"}],"version-history":[{"count":15,"href":"https:\/\/redeargonautas.com.br\/index.php\/wp-json\/wp\/v2\/pages\/969\/revisions"}],"predecessor-version":[{"id":1681,"href":"https:\/\/redeargonautas.com.br\/index.php\/wp-json\/wp\/v2\/pages\/969\/revisions\/1681"}],"up":[{"embeddable":true,"href":"https:\/\/redeargonautas.com.br\/index.php\/wp-json\/wp\/v2\/pages\/46"}],"wp:attachment":[{"href":"https:\/\/redeargonautas.com.br\/index.php\/wp-json\/wp\/v2\/media?parent=969"}],"curies":[{"name":"wp","href":"https:\/\/api.w.org\/{rel}","templated":true}]}}

<div class="wp-block-columns is-layout-flex wp-container-core-columns-is-layout-9d6595d7 wp-block-columns-is-layout-flex">
<div class="wp-block-column is-vertically-aligned-top is-layout-flow wp-block-column-is-layout-flow">
<div class="wp-block-media-text alignfull is-stacked-on-mobile is-vertically-aligned-top" style="grid-template-columns:25% auto"><figure class="wp-block-media-text__media"><img loading="lazy" decoding="async" width="871" height="901" src="https://redeargonautas.com.br/wp-content/uploads/2022/11/Adriana.png" alt="" class="wp-image-970 size-full" srcset="https://redeargonautas.com.br/wp-content/uploads/2022/11/Adriana.png 871w, https://redeargonautas.com.br/wp-content/uploads/2022/11/Adriana-290x300.png 290w, https://redeargonautas.com.br/wp-content/uploads/2022/11/Adriana-768x794.png 768w" sizes="auto, (max-width: 871px) 100vw, 871px" /></figure><div class="wp-block-media-text__content">
<p class="has-drop-cap has-small-font-size">Nasci na capital paulista onde fiz minha graduação em meados dos anos 1990 em Artes Plásticas, pela Universidade Mackenzie. Também foi em São Paulo onde aprendi a apreciar os museus – de todos os tipos. Na adolescência ficava nos jardins do Parque do Ibirapuera aguardando ansiosa a abertura do Pavilhão da Bienal. Meu mestrado em Antropologia também foi em Sampa, na Pontifícia Universidade Católica. O interesse pelo cultural material, particularmente o artesanato, surgiu ainda na graduação quando investiguei a produção de cestaria entre “caipiras” de comunidade tradicional no Parque Estadual do Jurupará/SP. Naquela época trabalhava no Museu Florestal Octávio Vecchi, no Parque Estadual Alberto Löfgren &#8211; conhecido pelos paulistanos como Horto Florestal. Também remonta àquele momento meu especial interesse pela memória social quando tive contato com a obra Memórias de Velhos de Ecléia Bossi. Fui professora de Artes da educação básica (da Educação Infantil ao Ensino Médio) por mais de uma década. </p>



<p class="has-small-font-size">O amor me levou à Região dos Lagos, no estado do Rio de Janeiro, onde morei entre 2000 à 2017 em diferentes locais como Saquarema, Iguaba Grande, Barra de São João e Rio das Ostras. Naquela nova fase da vida passei a lecionar no magistério superior ministrando aulas de Artes e Antropologia em cursos de formação de professores. Em 2006 ingressei na Universidade Federal Fluminense onde sou professora até hoje, no campus Rio das Ostras, lotada no Departamento de Artes e Estudos Culturais. Na UFF assumi diferentes cargos administrativos e acadêmicos e sempre coloquei em prática a tríade ensino- pesquisa – extensão. Por mais de uma década coordenei o exitoso programa de extensão Educação Patrimonial em Oriximiná/ PA. O principal objetivo dessa iniciativa era a formação continuada de educadores e lideranças para a valorização dos patrimônios culturais locais. </p>



<p class="has-small-font-size">Meu doutorado fiz tardiamente na Memória Social na UNIRIO, tendo concluído em 2004. A pesquisa etnográfica incluiu etapas de campo no município paraense de Oriximiná. A vivência com os indígenas Katxuyana me fez compreender o tempo amazônico e a importância de “aprender com os velhos”. Essa investigação desvelou o protagonismo deste povo na manutenção e valorização de sua cultura, uma das chaves para a exigência de seus direitos territoriais. A tese que virou livro, A casa tamiriki: patrimônio indígena Katxuyana, é também uma homenagem à resistência desse povo indígena. </p>



<p class="has-small-font-size">Em 2012 um novo amor atravessou minha vida com quem compartilho minha existência desde então. Vivemos na cidade do Rio de Janeiro. A partir de 2020 passei a dividir meu tempo entre os compromissos docentes na UFF e o Programa de Pós-Graduação em Memória Social da UNIRIO, programa ao qual me filiei como docente, orientando mestrandos, doutorandos e supervisionando pós-doutorandos. Como membro da Associação Brasileira de Antropologia (ABA) e de seu Comitê de Patrimônios e Museus integro a rede de articulação nacional do projeto Mapeamento das Coleções Etnográficas no Brasil . </p>



<p class="has-small-font-size">No ano de 2020 fui agraciada com uma bolsa da Fundação Lady Davis para atuar como professora visitante na Universidade Hebraica de Jerusalém (Israel). Com o advento da pandemia a viagem foi adiada para 2022 e o projeto Brasileiros em Israel: memórias e diversidade ganhou novos contornos e parceiros em Israel como a Universidade Ben- Gurion do Negev e no Brasil como o Museu da Pessoa e a UFTM (Universidade Federal do Triângulo Mineiro).</p>



<p></p>



<p class="has-drop-cap has-normal-font-size"></p>
</div></div>
</div>
</div>



<h6 class="wp-block-heading">Saiba mais sobre A ADRIANA:</h6>



<p class="has-normal-font-size"><strong>Lattes</strong>: <a href="http://buscatextual.cnpq.br/buscatextual/visualizacv.do">Currículo do Sistema de Currículos Lattes (Adriana Russi Tavares de Mello) (cnpq.br)</a></p>



<p class="has-normal-font-size"><strong>Instagram do Projeto Mapeamento das Coleções Etnográficas no Brasil :</strong> <a href="http://www.instagram.com/colecoesetnograficas" title="">http://www.instagram.com/colecoesetnograficas</a></p>



<p><strong>Programa de extensão Educação Patrimonial em Oriximiná/ PA: </strong><a href="http://patrimoniocultural.uff.br" title="">http://patrimoniocultural.uff.br</a></p>



<p><strong>Patrimônio Cultural:</strong> <a href="https://patrimoniocultural.uff.br/producoes-e-publicacoes/" target="_blank" rel="noopener" title="">https://patrimoniocultural.uff.br/producoes-e-publicacoes/</a></p>



<p></p>



<hr class="wp-block-separator has-css-opacity"/>



<h6 class="wp-block-heading"><strong>Publicações</strong></h6>



<p><a href="https://www.revistas.usp.br/revmae/issue/view/12235" title="">Dossiê Katxuyana, Kahyana: perspectivas europeias sobre os povos (yanas) dos rios Cachorro e Trombetas, Oriximiná/ PA</a></p>



<p><a href="https://journals.le.ac.uk/ojs1/index.php/mas/article/view/2980/2993" title="">Museums and indigenous memory: the Katxuyana’s<br>collections and the contemporaneity of musealized material culture.</a> </p>



<p><a href="https://periodicos.ufsm.br/seculoxxi/article/view/37527" title="">Os Katxuyana e a casa tamiriki: protagonismo ameríndio na valorização cultural.</a> </p>



<p><a href="https://dadospdf.com/download/tradiao-indigena-na-escolapdf- _5ae5d3feb7d7bcf438f51068_pdf" title="">Quando a tradição (indígena) é ensinada na escola (indígena):<br>etnoeducação como exercício de autonomia. </a></p>



<p></p>



<p></p>



<h6 class="wp-block-heading">LIVROS</h6>



<figure class="wp-block-image size-medium is-style-default"><img loading="lazy" decoding="async" width="208" height="300" src="https://redeargonautas.com.br/wp-content/uploads/2023/02/72e54b96efa6615f76b502e75ec9b795-208x300.png" alt="" class="wp-image-1027" srcset="https://redeargonautas.com.br/wp-content/uploads/2023/02/72e54b96efa6615f76b502e75ec9b795-208x300.png 208w, https://redeargonautas.com.br/wp-content/uploads/2023/02/72e54b96efa6615f76b502e75ec9b795-710x1024.png 710w, https://redeargonautas.com.br/wp-content/uploads/2023/02/72e54b96efa6615f76b502e75ec9b795-768x1107.png 768w, https://redeargonautas.com.br/wp-content/uploads/2023/02/72e54b96efa6615f76b502e75ec9b795-1065x1536.png 1065w, https://redeargonautas.com.br/wp-content/uploads/2023/02/72e54b96efa6615f76b502e75ec9b795-1420x2048.png 1420w, https://redeargonautas.com.br/wp-content/uploads/2023/02/72e54b96efa6615f76b502e75ec9b795-1200x1730.png 1200w, https://redeargonautas.com.br/wp-content/uploads/2023/02/72e54b96efa6615f76b502e75ec9b795.png 1880w" sizes="auto, (max-width: 208px) 100vw, 208px" /></figure>



<hr class="wp-block-separator has-css-opacity"/>



<h4 class="wp-block-heading"><a href="https://redeargonautas.com.br/index.php/pesquisadores/"></a><a href="https://redeargonautas.com.br/index.php/pesquisadores/">Outros argonautas da rede</a></h4>



<p></p>

<p>Nasci na capital paulista onde fiz minha graduação em meados dos anos 1990 em Artes Plásticas, pela Universidade Mackenzie. Também foi em São Paulo onde aprendi a apreciar os museus [&hellip;]</p>
